at is the remainder when m is divided by v?
20
Suppose 17*l - 20*l = -2*h - 18, -2*l + 4*h - 4 = 0. Calculate the remainder when 2769 is divided by l.
9
Suppose 17*v - 570 - 1884 + 516 = 0. Calculate the remainder when 1003 is divided by v.
91
Calculate the remainder when 6/(210/31625) - 27/(-63) is divided by 15.
4
Let n = -625 - -919. Let c = -202 + n. Let q = 55 + -31. What is the remainder when c is divided by q?
20
Let d be 4/6 + 221/51 + 0. Suppose 126 = 3*n - 3*j, d*n - 347 + 122 = 2*j. Calculate the remainder when n is divided by (1/(-2))/((-2)/96).
23
Suppose -5*c - 37 - 8 = 0. Let d be c + (8/10)/(6/30). What is the remainder when 112 - (d + 3) - (2 + -1) is divided by 23?
21
Suppose -17*w + 5*w = -780. Let o = 204 - w. Suppose 0 = -5*k + 4*m + 180, 28 = -3*k + 3*m + o. Calculate the remainder when 63 is divided by k.
31
Let a(j) = 14*j**2 + 60*j + 30. Calculate the remainder when a(-10) is divided by 139.
135
Suppose 957 = 76*q + 197. Suppose -s + 0 = 2. What is the remainder when (-1 - -2 - 6)*s is divided by q?
0
Let l = -48 + -80. Let z = l - -388. Let w = 387 - z. What is the remainder when w is divided by 16?
15
Suppose 0 = -20*o + 12*o - 1432. Let q = -129 - o. Calculate the remainder when 120 is divided by q.
20
Suppose -9 = -3*j + s, 0*s = 5*s. Suppose j*k - u - 57 = -1, -41 = -3*k - 2*u. Calculate the remainder when 95 is divided by k.
10
Let v be (-1)/2*-3 + 203/58. Suppose w = -u + v, -3*u + 1 = 2*u - w. Let l = u - -7. Calculate the remainder when 24 is divided by l.
0
Suppose 5*x - x + 9*x = 2093. Calculate the remainder when x is divided by 12.
5
Suppose 206 - 26 = 3*u. Suppose -121 = -3*t + 4*m, 111 + 13 = 4*t + 4*m. Calculate the remainder when u is divided by t.
25
Suppose -92408 = -5*t - 8*t + 80466. Calculate the remainder when t is divided by 11.
10
Suppose 0*j - 2*j + 12*j = 2180. What is the remainder when j is divided by 45?
38
Suppose -87*r = -1071 - 2148. What is the remainder when 1361 is divided by r?
29
Let k(m) = -16*m - 106 + m**2 - 36*m + 156. Calculate the remainder when k(52) is divided by 32.
18
Suppose 1449 = -10*o + o. Let n = -139 - o. Calculate the remainder when 304 is divided by n.
18
Let y(j) = 2*j**2 - 21*j - 97. Calculate the remainder when y(31) is divided by 38.
34
Suppose 0 = -10*d - 30 + 180. Let q = d + 80. What is the remainder when q is divided by 21?
11
Suppose -815*y = -875*y + 46140. Calculate the remainder when y is divided by 189.
13
Suppose -5*a - 5 = 0, 7*z - 3*z - 169 = a. Suppose -7*i - 7*i + z = 0. Suppose 130 = i*o + 52. Calculate the remainder when 50 is divided by o.
24
Suppose 31*t + 60 = 1006 + 1596. Let g be -3 + -2 + 2 - -10. Suppose 2*b = g*b - 105. Calculate the remainder when t is divided by b.
19
Suppose -2*u + 3*j = -248, 11*u - j - 124 = 10*u. What is the remainder when 3566 is divided by u?
94
Suppose -5*p = -4*j + 6 + 41, -4*j = 4*p - 20. Let x(t) = 5*t**2 - 37*t + 20. What is the remainder when 170 is divided by x(j)?
38
Let h(t) = t**3 - 48*t**2 - 103*t + 186. Suppose 0 = 4*n + 5*k - 149, -3*n - k + 56 = -42. Let g = -17 + n. What is the remainder when h(50) is divided by g?
8
Suppose 4*x = -0*x - 76. Let b = x + 94. Suppose -38*h + 33*h + b = 0. Calculate the remainder when 87 is divided by h.
12
Suppose 2*a - 240*n - 108 = -235*n, 0 = -2*a - 5*n + 168. What is the remainder when 135 is divided by a?
66
Let b(g) = 168*g**2 - 222*g - 2705. Calculate the remainder when b(-11) is divided by 254.
253
Suppose 0 = -55*z + 798 - 196 + 333. Calculate the remainder when z is divided by 8 + -6 - 4/(-1).
5
Let r = 236 - 243. Suppose 4 - 16 = -4*z. What is the remainder when r/((-63)/12)*21/2 is divided by z?
2
Suppose -2*f = -8, 35 = -5*z + 2*f + 3*f. What is the remainder when (-2)/6*z - -33 is divided by 16?
2
Calculate the remainder when ((-18)/(-36))/((-2)/(-468)) is divided by 110.
7
Suppose 2*z + 4*z = 96. Suppose b - c = 483, -17*b = -18*b + 2*c + 488. Calculate the remainder when b is divided by z.
14
Suppose 273 + 1281 = 37*h. Suppose -c + 0*c = 0. Suppose 75 = -c*t + 5*t. Calculate the remainder when h is divided by t.
12
Let y = -428 + 435. Suppose 3*j = -3*r + 18, 2*r - j - y = -4. What is the remainder when 14 is divided by r?
2
Suppose 17*h + 102385 = 102453. Calculate the remainder when 32/6*(-6)/(-4) is divided by h.
0
Let i(x) = x**3 + 11*x**2 - 16*x - 5. Let n be i(-13). Let k = 49 - n. Suppose -3*h - 22 = -q, -20 = -h - 3*h. What is the remainder when k is divided by q?
36
Let h = -37 + 67. Suppose -34*j - 43*j = -90*j + 1885. Suppose 0 = 3*s - 5*i - j, -5*s + i + 301 = h. What is the remainder when s is divided by 7?
6
Let x(o) = -10*o + 207. Calculate the remainder when 4326 is divided by x(17).
34
Suppose 2*q = -2*s - 2 - 0, 0 = -5*s + 5*q + 35. Suppose -s*w + 15 = 0, -4*j + 18 - 27 = -5*w. What is the remainder when 31 is divided by j?
3
Calculate the remainder when (17 - 0) + -9 + 492 + 0 is divided by 12.
8
Let t = -18 + 22. Let a(d) = 5*d - 5. Calculate the remainder when 55 is divided by a(t).
10
Let v(x) = -5*x - 1. Let h(d) = -28*d - 64. Let j(s) = h(s) - 4*v(s). What is the remainder when 77 is divided by j(-10)?
17
Let t be (-1 + -1 + -25)/(-1). Let s = t + 2. Let r = -104 - -157. Calculate the remainder when r is divided by s.
24
Let b(u) = 3*u - 113. Let f(v) = -v**3 + 7*v**2 - 6*v + 19. Let a be f(5). What is the remainder when b(a) is divided by 3?
1
Let g(w) = 18*w**2 - 40*w - 138. What is the remainder when g(-3) is divided by 42?
18
Let r(d) = -17*d + 5. Let s be r(5). Let w = s + 85. What is the remainder when 45 is divided by 130/8 + 21/(-4) + w?
13
What is the remainder when (18 - 6 - 6270/(-27)) + (-4)/18 is divided by 21?
13
Let y be 50/13 - 66/(-429). Suppose 0 = d + 3*d - 3*i - 193, y*d - 181 = -i. What is the remainder when 228 is divided by d?
44
Suppose 580 - 445 = 46*v - 969. What is the remainder when (1/2)/((-1)/(-136)) is divided by v?
20
Calculate the remainder when 349 is divided by (-3 - (-3 + (-925)/20)) + (-15)/(-20).
20
Let v(g) = -22*g - 21*g + 10*g - 16*g**2 + 36 + g**3. Calculate the remainder when v(19) is divided by 29.
28
Let l = -214 - -234. Suppose 337 = 3*m - 4*q, -q + 6*q + l = 0. What is the remainder when m is divided by 22?
19
Suppose -260*s + 188*s = -36567 - 25065. Calculate the remainder when s is divided by (-1)/4 + 89/4.
20
Let u = 48 - 44. Suppose 2*w - 20 = -4*z, 7 = 3*z + u*w + 2. Suppose -40 = -13*b + 25. What is the remainder when z is divided by b?
2
Suppose 0 = 4*i + z - 244, -3*i + 2*z + 78 = -94. What is the remainder when 485 is divided by i?
5
Suppose -12 = 2*p, 5*s + 3*p - 105 = 272. Calculate the remainder when 422 is divided by s.
27
Let i = -29 + 31. Let c(o) = o**3 - 2*o**2 + 19 - 7 - 10*o - o**i - 7. Calculate the remainder when c(6) is divided by 18.
17
Let k = -17791 - -17848. What is the remainder when 1157 is divided by k?
17
Let o(r) = 10146*r - 253625. Suppose 2*v - 28 = 52. What is the remainder when v is divided by o(25)?
15
Let a(p) be the second derivative of p**3/2 + 3*p**2 - 2*p. Calculate the remainder when -5 + -61*24/(-12) is divided by a(8).
27
Let o(p) = -2*p**3 + 4*p**2 - 13*p + 6. Let v = 1 + 22. Calculate the remainder when v is divided by o(0).
5
Let j(v) = 8015*v - 2*v**2 - 8015*v + 1 - 24*v**3. What is the remainder when j(-1) is divided by 6?
5
Suppose -2*q - 2*q + 144 = 0. Suppose 73*c - 135*c = 51*c - 1582. What is the remainder when q is divided by c?
8
Suppose 139 = 2*r - 5*p, r - 2*r + 22 = 7*p. What is the remainder when 754 is divided by r?
13
Let t(x) = 290*x - 2599. What is the remainder when 29797 is divided by t(9)?
9
What is the remainder when 541 is divided by 3 + 3355/13 - 205/2665?
19
Let t(m) = -4 + 6*m - 11*m + 6*m. Let y be t(6). Suppose y*l + 2*n - 2 - 38 = 0, 2*l - 5*n - 5 = 0. Calculate the remainder when l is divided by 5.
0
Let q(b) = -b**3 + 8*b**2 - b - 31. Let r be q(7). Let w = 6 + r. What is the remainder when (65/(-3))/(1/(-3)) is divided by w?
14
Suppose 0 = -826*v + 821*v + 45. Suppose -596 = v*c - 1091. What is the remainder when c is divided by 23?
9
Let o(g) = g**3 - 3*g**2 + 16*g + 51. What is the remainder when o(17) is divided by 19?
18
Let t = 412 - 186. Let d(u) = 2*u + 26. Calculate the remainder when t is d